{"id":1114,"date":"2021-05-09T18:25:14","date_gmt":"2021-05-09T18:25:14","guid":{"rendered":"http:\/\/inhalt.jugendkulturmeile-kaiserslautern.de\/?page_id=1114"},"modified":"2022-06-22T15:01:07","modified_gmt":"2022-06-22T15:01:07","slug":"impressum-duplicate-1","status":"publish","type":"page","link":"https:\/\/jugendkulturmeile-kaiserslautern.de\/?page_id=1114","title":{"rendered":"Datenschutz"},"content":{"rendered":"\t\t<div data-elementor-type=\"wp-post\" data-elementor-id=\"1114\" class=\"elementor elementor-1114\">\n\t\t\t\t\t\t<div class=\"elementor-inner\">\n\t\t\t\t<div class=\"elementor-section-wrap\">\n\t\t\t\t\t\t\t\t\t<section class=\"elementor-section elementor-top-section elementor-element elementor-element-6bea8fc8 elementor-section-boxed elementor-section-height-default elementor-section-height-default\" data-id=\"6bea8fc8\" data-element_type=\"section\" data-settings=\"{&quot;background_background&quot;:&quot;classic&quot;}\">\n\t\t\t\t\t\t\t<div class=\"elementor-background-overlay\"><\/div>\n\t\t\t\t\t\t\t<div class=\"elementor-container elementor-column-gap-default\">\n\t\t\t\t\t\t\t<div class=\"elementor-row\">\n\t\t\t\t\t<div class=\"elementor-column elementor-col-100 elementor-top-column elementor-element elementor-element-c206e1f\" data-id=\"c206e1f\" data-element_type=\"column\">\n\t\t\t<div class=\"elementor-column-wrap elementor-element-populated\">\n\t\t\t\t\t\t\t<div class=\"elementor-widget-wrap\">\n\t\t\t\t\t\t<div class=\"elementor-element elementor-element-19cd67d7 elementor-widget elementor-widget-heading\" data-id=\"19cd67d7\" data-element_type=\"widget\" data-widget_type=\"heading.default\">\n\t\t\t\t<div class=\"elementor-widget-container\">\n\t\t\t<h1 class=\"elementor-heading-title elementor-size-default\">Datenschutzerkl\u00e4rung<\/h1>\t\t<\/div>\n\t\t\t\t<\/div>\n\t\t\t\t\t\t<\/div>\n\t\t\t\t\t<\/div>\n\t\t<\/div>\n\t\t\t\t\t\t\t\t<\/div>\n\t\t\t\t\t<\/div>\n\t\t<\/section>\n\t\t\t\t<section class=\"elementor-section elementor-top-section elementor-element elementor-element-cef74c9 elementor-section-boxed elementor-section-height-default elementor-section-height-default\" data-id=\"cef74c9\" data-element_type=\"section\" data-settings=\"{&quot;background_background&quot;:&quot;classic&quot;}\">\n\t\t\t\t\t\t<div class=\"elementor-container elementor-column-gap-default\">\n\t\t\t\t\t\t\t<div class=\"elementor-row\">\n\t\t\t\t\t<div class=\"elementor-column elementor-col-100 elementor-top-column elementor-element elementor-element-68d475e\" data-id=\"68d475e\" data-element_type=\"column\">\n\t\t\t<div class=\"elementor-column-wrap elementor-element-populated\">\n\t\t\t\t\t\t\t<div class=\"elementor-widget-wrap\">\n\t\t\t\t\t\t<div class=\"elementor-element elementor-element-a65cdc0 elementor-widget elementor-widget-text-editor\" data-id=\"a65cdc0\" data-element_type=\"widget\" data-widget_type=\"text-editor.default\">\n\t\t\t\t<div class=\"elementor-widget-container\">\n\t\t\t\t\t\t\t\t<div class=\"elementor-text-editor elementor-clearfix\">\n\t\t\t\t<h4><strong>Datenschutzerkl\u00e4rung: Teil I: Name und Anschrift des Verantwortlichen<\/strong><\/h4><p><strong>I. Name und Anschrift des Verantwortlichen<\/strong><\/p><p>Der Verantwortliche im Sinne der Datenschutz-Grundverordnung und anderer nationaler Datenschutzgesetze der Mitgliedsstaaten sowie sonstiger datenschutzrechtlicher Bestimmungen ist:<\/p><p>Volkshochschule Kaiserslautern<br \/>Hauptamtliche Leitung: Michael Staudt M.A. M.A.<br \/>Weiterbildungszentrum, Kanalstr. 3<br \/>67655 Kaiserslautern<br \/>Tel.: (0631) 36258-00<br \/>Fax: (0631) 36258-50<br \/>E-Mail: info@vhs-kaiserslautern.de<br \/>Websites: www.jugendkulturmeile-kl.de; www.jugendkulturmeile-kaiserslautern.de<\/p><p>Die Kontaktdaten unseres Datenschutzbeauftragten lauten:<br \/>datenschutzbeauftragte@vhs-kaiserslautern.de oder 0631 3625819<\/p><h4>Datenschutzerkl\u00e4rung: Teil II. Allgemeines zur Datenverarbeitung<\/h4><p><strong>1. Umfang der Verarbeitung personenbezogener Daten<\/strong><\/p><p>Wir verarbeiten personenbezogene Daten unserer Nutzer grunds\u00e4tzlich nur, soweit dies zur Bereitstellung einer funktionsf\u00e4higen Website sowie unserer Inhalte und Leistungen erforderlich ist. Die Verarbeitung personenbezogener Daten unserer Nutzer erfolgt regelm\u00e4\u00dfig nur nach Einwilligung des Nutzers. Eine Ausnahme gilt in solchen F\u00e4llen, in denen eine vorherige Einholung einer Einwilligung aus tats\u00e4chlichen Gr\u00fcnden nicht m\u00f6glich ist und die Verarbeitung der Daten durch gesetzliche Vorschriften gestattet ist.<\/p><p><strong>2. Rechtsgrundlage f\u00fcr die Verarbeitung personenbezogener Daten<\/strong><\/p><p>Soweit wir f\u00fcr Verarbeitungsvorg\u00e4nge personenbezogener Daten eine Einwilligung der betroffenen Person einholen, dient Art. 6 Abs. 1 lit. a EU-Datenschutzgrundverordnung (DSGVO) als Rechtsgrundlage. Bei der Verarbeitung von personenbezogenen Daten, die zur Erf\u00fcllung eines Vertrages, dessen Vertragspartei die betroffene Person ist, erforderlich ist, dient Art. 6 Abs. 1 lit. b DSGVO als Rechtsgrundlage.<\/p><p><strong>3. Datenl\u00f6schung und Speicherdauer<\/strong><\/p><p>Die personenbezogenen Daten der betroffenen Person werden gel\u00f6scht oder gesperrt, sobald der Zweck der Speicherung entf\u00e4llt. Eine Speicherung kann dar\u00fcber hinaus erfolgen, wenn dies durch den europ\u00e4ischen oder nationalen Gesetzgeber in unionsrechtlichen Verordnungen, Gesetzen oder sonstigen Vorschriften, denen der Verantwortliche unterliegt, vorgesehen wurde. Eine Sperrung oder L\u00f6schung der Daten erfolgt auch dann, wenn eine durch die genannten Normen vorgeschriebene Speicherfrist abl\u00e4uft, es sei denn, dass eine Erforderlichkeit zur weiteren Speicherung der Daten f\u00fcr einen Vertragsabschluss oder eine Vertragserf\u00fcllung besteht.<\/p><h4>Datenschutzerkl\u00e4rung: Teil IIIa. Bereitstellung der Website und Erstellung von Logfiles<\/h4><p><strong>1. Beschreibung und Umfang der Datenverarbeitung<\/strong><\/p><p>Bei jedem Aufruf unserer Internetseite erfasst unser System automatisiert Daten und Informationen vom Computersystem des aufrufenden Rechners. Folgende Daten werden hierbei erhoben:<br \/>&#8211; Informationen \u00fcber den Browsertyp und die verwendete Version und das Betriebssystem des Nutzers<br \/>&#8211; Den Internet-Service-Provider des Nutzers<br \/>&#8211; Die IP-Adresse des Nutzers<br \/>&#8211; Datum und Uhrzeit des Zugriffs<br \/>&#8211; Websites, von denen das System des Nutzers auf unsere Internetseite gelangt<br \/>&#8211; Websites, die vom System des Nutzers \u00fcber unsere Website aufgerufen werden<\/p><p>Die Logfiles enthalten IP-Adressen oder sonstige Daten, die eine Zuordnung zu einem Nutzer erm\u00f6glichen. Dies k\u00f6nnte beispielsweise der Fall sein, wenn der Link zur Website, von der der Nutzer auf die Internetseite gelangt, oder der Link zur Website, zu der der Nutzer wechselt, personenbezogene Daten enth\u00e4lt. Die Daten werden ebenfalls in den Logfiles unseres Systems gespeichert. Eine Speicherung dieser Daten zusammen mit anderen personenbezogenen Daten des Nutzers findet nicht statt.<\/p><h4>Datenschutzerkl\u00e4rung: Teil IIIb. Bereitstellung der Website und Erstellung von Logfiles<\/h4><p><strong>2. Rechtsgrundlage und Zweck f\u00fcr die Datenverarbeitung<\/strong><\/p><p>Rechtsgrundlage f\u00fcr die vor\u00fcbergehende Speicherung der Daten und der Logfiles ist Art. 6 Abs. 1 lit. f DSGVO.<\/p><p>Die vor\u00fcbergehende Speicherung der IP-Adresse durch das System ist notwendig, um eine Auslieferung der Website an den Rechner des Nutzers zu erm\u00f6glichen. Hierf\u00fcr muss die IP-Adresse des Nutzers f\u00fcr die Dauer der Sitzung gespeichert bleiben. Die Speicherung in Logfiles erfolgt, um die Funktionsf\u00e4higkeit der Website sicherzustellen. Zudem dienen uns die Daten zur Optimierung der Website und zur Sicherstellung der Sicherheit unserer informationstechnischen Systeme. Die Erfassung der Daten zur Bereitstellung der Website und die Speicherung der Daten in Logfiles ist f\u00fcr den Betrieb der Internetseite zwingend erforderlich. Eine Auswertung der Daten zu Marketingzwecken findet in diesem Zusammenhang nicht statt.<\/p><p>In diesen Zwecken liegt auch unser berechtigtes Interesse an der Datenverarbeitung nach Art. 6 Abs. 1 lit. f DSGVO.<\/p><p><strong>3. Dauer der Speicherung<\/strong><\/p><p>Die Daten werden gel\u00f6scht, sobald sie f\u00fcr die Erreichung des Zweckes ihrer Erhebung nicht mehr erforderlich sind. Im Falle der Erfassung der Daten zur Bereitstellung der Website ist dies der Fall, wenn die jeweilige Sitzung beendet ist. Im Falle der Speicherung der Daten in Logfiles ist dies nach sp\u00e4testens sieben Tagen der Fall. Eine dar\u00fcberhinausgehende Speicherung ist m\u00f6glich. In diesem Fall werden die IP-Adressen der Nutzer gel\u00f6scht oder verfremdet, sodass eine Zuordnung des aufrufenden Clients nicht mehr m\u00f6glich ist.<\/p><h4>Datenschutzerkl\u00e4rung: Teil IV. E-Mail-Kontakt<\/h4><p><strong>1. Beschreibung und Umfang der Datenverarbeitung<\/strong><\/p><p>Es ist mit uns eine Kontaktaufnahme \u00fcber die bereitgestellten E-Mail-Adressen m\u00f6glich. In diesem Fall werden die mit der E-Mail \u00fcbermittelten personenbezogenen Daten des Nutzers gespeichert. Es erfolgt in diesem Zusammenhang keine Weitergabe der Daten an Dritte. Die Daten werden ausschlie\u00dflich f\u00fcr die Verarbeitung der Konversation verwendet.<\/p><p><strong>2. Rechtsgrundlage und Zweck f\u00fcr die Datenverarbeitung<\/strong><\/p><p>Rechtsgrundlage f\u00fcr die Verarbeitung der Daten, die im Zuge einer \u00dcbersendung einer E-Mail \u00fcbermittelt werden, ist Art. 6 Abs. 1 lit. f DSGVO. Im Falle einer Kontaktaufnahme per E-Mail liegt hieran auch das erforderliche berechtigte Interesse an der Verarbeitung der Daten.<\/p><p><strong>3. Dauer der Speicherung<\/strong><\/p><p>Die Daten werden gel\u00f6scht, sobald sie f\u00fcr die Erreichung des Zweckes ihrer Erhebung nicht mehr erforderlich sind. F\u00fcr die personenbezogenen Daten die per E-Mail \u00fcbersandt wurden, ist dies dann der Fall, wenn die jeweilige Konversation mit dem Nutzer beendet ist. Beendet ist die Konversation dann, wenn sich aus den Umst\u00e4nden entnehmen l\u00e4sst, dass der betroffene Sachverhalt abschlie\u00dfend gekl\u00e4rt ist.<\/p><p><strong>4. Widerspruchs- und Beseitigungsm\u00f6glichkeit<\/strong><\/p><p>Der Nutzer hat jederzeit die M\u00f6glichkeit, seine Einwilligung zur Verarbeitung der personenbezogenen Daten zu widerrufen. Nimmt der Nutzer per E-Mail Kontakt mit uns auf, so kann er der Speicherung seiner personenbezogenen Daten jederzeit widersprechen. In einem solchen Fall kann die Konversation nicht fortgef\u00fchrt werden. Alle personenbezogenen Daten, die im Zuge der Kontaktaufnahme gespeichert wurden, werden in diesem Fall gel\u00f6scht.<\/p><h4>Datenschutzerkl\u00e4rung: Teil V. Rechte der betroffenen Person<\/h4><p>Werden personenbezogene Daten von Ihnen verarbeitet, sind Sie Betroffener i.S.d. DSGVO und es stehen Ihnen Rechte gegen\u00fcber dem Verantwortlichen zu. Sie haben das Recht auf:<\/p><p>Auskunft<br \/>Berichtigung<br \/>Sperrung<br \/>L\u00f6schung<br \/>Widerspruch<br \/>Widerruf<br \/>\u00dcbertragung<br \/>Beschwerde<\/p><p>Sie haben jederzeit das Recht, Auskunft dar\u00fcber zu erhalten, welche Daten \u00fcber Sie bei uns gespeichert sind und zu welchem Zweck die Speicherung erfolgt ist. Ferner k\u00f6nnen Sie der Datenverarbeitung widersprechen und Ihre Daten durch uns auf jemand anderen \u00fcbertragen lassen. Des weiteren sind Sie berechtigt, unrichtige Daten korrigieren und Daten sperren oder l\u00f6schen zu lassen, soweit die Speicherung unzul\u00e4ssig oder nicht mehr erforderlich ist. Sie haben auch das Recht, erteilte Einwilligungen mit Wirkung f\u00fcr die Zukunft zu widerrufen. Ihr jeweiliges rechtliche Anliegen k\u00f6nnen Sie an die in Ziff. 1 genannte verantwortliche Person richten.<\/p><p>Sie haben au\u00dferdem grunds\u00e4tzlich das Recht, sich bei einer Datenschutzaufsichtsbeh\u00f6rde zu beschweren, wenn Sie der Ansicht sind, dass die Verarbeitung der Sie betreffenden personenbezogenen Daten gegen die DSGVO verst\u00f6\u00dft.<\/p><h4>Datenschutzerkl\u00e4rung: Teil VI. Auftragsverarbeitung durch die Firma Strato<\/h4><p>Die Websites www.jugendkulturmeile-kl.de und www.jugendkulturmeile-kaiserslautern.de werden vom Internet-Service-Provider Strato gehostet. Mit der Firma STRATO AG, Pascalstra\u00dfe 10, 10587 Berlin wurde ein Auftragsverarbeitungsvertrag (AVV) geschlossen.<\/p><p>Welche Daten verarbeitet STRATO, wenn jemand meine Website besucht?<br \/>Welche T\u00dcV-Zertifizierungen hat die STRATO AG?<br \/>Wie stellt STRATO sicher, dass von STRATO verarbeitete Daten vor unbefugtem Zugriff Dritter gesch\u00fctzt sind?<br \/>Wie sicher sind die STRATO Rechenzentren und wo liegen die Daten?<\/p><p>Diese und weitere Informationen dazu finden Sie unter <a href=\"https:\/\/www.strato.de\/faq\/article\/2763\/Fragen-zur-Auftragsverarbeitungsvertrag-AVV-und-der-neuen-EU-Datenschutzgrundverordnung-DSGVO.html\" target=\"_blank\" rel=\"noopener\">https:\/\/www.strato.de\/faq\/article\/2763\/Fragen-zur-Auftragsverarbeitungsvertrag-AVV-und-der-neuen-EU-Datenschutzgrundverordnung-DSGVO.html<\/a><\/p>\t\t\t\t\t<\/div>\n\t\t\t\t\t\t<\/div>\n\t\t\t\t<\/div>\n\t\t\t\t\t\t<\/div>\n\t\t\t\t\t<\/div>\n\t\t<\/div>\n\t\t\t\t\t\t\t\t<\/div>\n\t\t\t\t\t<\/div>\n\t\t<\/section>\n\t\t\t\t<section class=\"elementor-section elementor-top-section elementor-element elementor-element-175239c6 elementor-section-boxed elementor-section-height-default elementor-section-height-default\" data-id=\"175239c6\" data-element_type=\"section\" data-settings=\"{&quot;background_background&quot;:&quot;classic&quot;}\">\n\t\t\t\t\t\t\t<div class=\"elementor-background-overlay\"><\/div>\n\t\t\t\t\t\t\t<div class=\"elementor-container elementor-column-gap-default\">\n\t\t\t\t\t\t\t<div class=\"elementor-row\">\n\t\t\t\t\t<div class=\"elementor-column elementor-col-100 elementor-top-column elementor-element elementor-element-14ce9d5d\" data-id=\"14ce9d5d\" data-element_type=\"column\">\n\t\t\t<div class=\"elementor-column-wrap elementor-element-populated\">\n\t\t\t\t\t\t\t<div class=\"elementor-widget-wrap\">\n\t\t\t\t\t\t<div class=\"elementor-element elementor-element-45762fa elementor-widget elementor-widget-menu-anchor\" data-id=\"45762fa\" data-element_type=\"widget\" data-widget_type=\"menu-anchor.default\">\n\t\t\t\t<div class=\"elementor-widget-container\">\n\t\t\t\t\t<div id=\"contact\" class=\"elementor-menu-anchor\"><\/div>\n\t\t\t\t<\/div>\n\t\t\t\t<\/div>\n\t\t\t\t<div class=\"elementor-element elementor-element-7e8c2c75 elementor-absolute elementor-widget elementor-widget-heading\" data-id=\"7e8c2c75\" data-element_type=\"widget\" data-settings=\"{&quot;_position&quot;:&quot;absolute&quot;}\" data-widget_type=\"heading.default\">\n\t\t\t\t<div class=\"elementor-widget-container\">\n\t\t\t<h2 class=\"elementor-heading-title elementor-size-default\"><br>\nBeteiligte<\/h2>\t\t<\/div>\n\t\t\t\t<\/div>\n\t\t\t\t<section class=\"elementor-section elementor-inner-section elementor-element elementor-element-146e154a elementor-hidden-tablet elementor-hidden-phone elementor-section-boxed elementor-section-height-default elementor-section-height-default\" data-id=\"146e154a\" data-element_type=\"section\" data-settings=\"{&quot;background_background&quot;:&quot;classic&quot;}\">\n\t\t\t\t\t\t<div class=\"elementor-container elementor-column-gap-default\">\n\t\t\t\t\t\t\t<div class=\"elementor-row\">\n\t\t\t\t\t<div class=\"elementor-column elementor-col-33 elementor-inner-column elementor-element elementor-element-62898bc6\" data-id=\"62898bc6\" data-element_type=\"column\">\n\t\t\t<div class=\"elementor-column-wrap elementor-element-populated\">\n\t\t\t\t\t\t\t<div class=\"elementor-widget-wrap\">\n\t\t\t\t\t\t<div class=\"elementor-element elementor-element-308ee58f elementor-position-left elementor-vertical-align-top elementor-widget elementor-widget-image-box\" data-id=\"308ee58f\" data-element_type=\"widget\" data-widget_type=\"image-box.default\">\n\t\t\t\t<div class=\"elementor-widget-container\">\n\t\t\t<div class=\"elementor-image-box-wrapper\"><div class=\"elementor-image-box-content\"><h6 class=\"elementor-image-box-title\">Projekttr\u00e4ger der Jugendkulturmeile Kaiserslautern<\/h6><p class=\"elementor-image-box-description\">Jugendkunstschule Kaiserslautern<br>\nc\/o Volkshochschule Kaiserslautern e.V<br><br>\nKanalstr. 3<br>67655 Kaiserslautern<br>\nTelefon: 0631\/36258-00, <br>\nFax: 0631\/36258-50<br>\nE-Mail:info@vhs-kaiserslautern.de<br>\nHomepage: vhs-kaiserslautern.de\n<br><br>\n<a href=\"https:\/\/jugendkulturmeile-kaiserslautern.de\/?page_id=1098\">Impressum<\/a><br>\n<a href=\"https:\/\/jugendkulturmeile-kaiserslautern.de\/?page_id=1114\">Datenschutz<\/a><\/p><\/div><\/div>\t\t<\/div>\n\t\t\t\t<\/div>\n\t\t\t\t\t\t<\/div>\n\t\t\t\t\t<\/div>\n\t\t<\/div>\n\t\t\t\t<div class=\"elementor-column elementor-col-33 elementor-inner-column elementor-element elementor-element-4bdfcc7c\" data-id=\"4bdfcc7c\" data-element_type=\"column\">\n\t\t\t<div class=\"elementor-column-wrap elementor-element-populated\">\n\t\t\t\t\t\t\t<div class=\"elementor-widget-wrap\">\n\t\t\t\t\t\t<div class=\"elementor-element elementor-element-775ddbd elementor-position-top elementor-vertical-align-top elementor-widget elementor-widget-image-box\" data-id=\"775ddbd\" data-element_type=\"widget\" data-widget_type=\"image-box.default\">\n\t\t\t\t<div class=\"elementor-widget-container\">\n\t\t\t<div class=\"elementor-image-box-wrapper\"><div class=\"elementor-image-box-content\"><p class=\"elementor-image-box-description\">Gef\u00f6rdert durch<\/p><\/div><\/div>\t\t<\/div>\n\t\t\t\t<\/div>\n\t\t\t\t<div class=\"elementor-element elementor-element-a86037d elementor-widget elementor-widget-image\" data-id=\"a86037d\" data-element_type=\"widget\" data-widget_type=\"image.default\">\n\t\t\t\t<div class=\"elementor-widget-container\">\n\t\t\t\t\t\t\t\t<div class=\"elementor-image\">\n\t\t\t\t\t\t\t\t\t\t\t\t<img src=\"https:\/\/jugendkulturmeile-kaiserslautern.de\/wp-content\/uploads\/elementor\/thumbs\/MFFKI_mehrfarbig-pkzhn2f1xhoo9zhglgo7ovqo9xrwm2pt8x4xixk6ms.jpg\" title=\"MFFKI_mehrfarbig\" alt=\"MFFKI_mehrfarbig\" loading=\"lazy\" \/>\t\t\t\t\t\t\t\t\t\t\t\t\t\t<\/div>\n\t\t\t\t\t\t<\/div>\n\t\t\t\t<\/div>\n\t\t\t\t\t\t<\/div>\n\t\t\t\t\t<\/div>\n\t\t<\/div>\n\t\t\t\t<div class=\"elementor-column elementor-col-33 elementor-inner-column elementor-element elementor-element-4995f39a\" data-id=\"4995f39a\" data-element_type=\"column\">\n\t\t\t<div class=\"elementor-column-wrap elementor-element-populated\">\n\t\t\t\t\t\t\t<div class=\"elementor-widget-wrap\">\n\t\t\t\t\t\t<div class=\"elementor-element elementor-element-204e02e3 elementor-widget elementor-widget-heading\" data-id=\"204e02e3\" data-element_type=\"widget\" data-widget_type=\"heading.default\">\n\t\t\t\t<div class=\"elementor-widget-container\">\n\t\t\t<h6 class=\"elementor-heading-title elementor-size-default\"><a href=\"http:\/\/Alexis%20LLC%20UK.\">Tr\u00e4ger der Einrichtungen der Jugendkulturmeile sind<\/a><\/h6>\t\t<\/div>\n\t\t\t\t<\/div>\n\t\t\t\t<div class=\"elementor-element elementor-element-acd87c3 elementor-widget elementor-widget-image\" data-id=\"acd87c3\" data-element_type=\"widget\" data-widget_type=\"image.default\">\n\t\t\t\t<div class=\"elementor-widget-container\">\n\t\t\t\t\t\t\t\t<div class=\"elementor-image\">\n\t\t\t\t\t\t\t\t\t\t\t\t\t<a href=\"https:\/\/www.kaiserslautern.de\" target=\"_blank\">\n\t\t\t\t\t\t\t<img width=\"154\" height=\"70\" src=\"https:\/\/jugendkulturmeile-kaiserslautern.de\/wp-content\/uploads\/2020\/01\/logo-stadt.png\" class=\"attachment-large size-large wp-image-694\" alt=\"\" loading=\"lazy\" \/>\t\t\t\t\t\t\t\t<\/a>\n\t\t\t\t\t\t\t\t\t\t\t\t\t\t<\/div>\n\t\t\t\t\t\t<\/div>\n\t\t\t\t<\/div>\n\t\t\t\t<div class=\"elementor-element elementor-element-6a0ff2a elementor-widget elementor-widget-image\" data-id=\"6a0ff2a\" data-element_type=\"widget\" data-widget_type=\"image.default\">\n\t\t\t\t<div class=\"elementor-widget-container\">\n\t\t\t\t\t\t\t\t<div class=\"elementor-image\">\n\t\t\t\t\t\t\t\t\t\t\t\t\t<a href=\"https:\/\/www.bv-pfalz.de\" target=\"_blank\">\n\t\t\t\t\t\t\t<img width=\"214\" height=\"106\" src=\"https:\/\/jugendkulturmeile-kaiserslautern.de\/wp-content\/uploads\/2021\/03\/bezirksverband-pfalz.jpg\" class=\"attachment-large size-large wp-image-871\" alt=\"\" loading=\"lazy\" \/>\t\t\t\t\t\t\t\t<\/a>\n\t\t\t\t\t\t\t\t\t\t\t\t\t\t<\/div>\n\t\t\t\t\t\t<\/div>\n\t\t\t\t<\/div>\n\t\t\t\t<div class=\"elementor-element elementor-element-e492200 elementor-widget elementor-widget-image\" data-id=\"e492200\" data-element_type=\"widget\" data-widget_type=\"image.default\">\n\t\t\t\t<div class=\"elementor-widget-container\">\n\t\t\t\t\t\t\t\t<div class=\"elementor-image\">\n\t\t\t\t\t\t\t\t\t\t\t\t\t<a href=\"https:\/\/www.vhs-kaiserslautern.de\" target=\"_blank\">\n\t\t\t\t\t\t\t<img width=\"373\" height=\"106\" src=\"https:\/\/jugendkulturmeile-kaiserslautern.de\/wp-content\/uploads\/2022\/03\/vhs-logo.jpg\" class=\"attachment-large size-large wp-image-1550\" alt=\"\" loading=\"lazy\" srcset=\"https:\/\/jugendkulturmeile-kaiserslautern.de\/wp-content\/uploads\/2022\/03\/vhs-logo.jpg 373w, https:\/\/jugendkulturmeile-kaiserslautern.de\/wp-content\/uploads\/2022\/03\/vhs-logo-300x85.jpg 300w\" sizes=\"(max-width: 373px) 100vw, 373px\" \/>\t\t\t\t\t\t\t\t<\/a>\n\t\t\t\t\t\t\t\t\t\t\t\t\t\t<\/div>\n\t\t\t\t\t\t<\/div>\n\t\t\t\t<\/div>\n\t\t\t\t\t\t<\/div>\n\t\t\t\t\t<\/div>\n\t\t<\/div>\n\t\t\t\t\t\t\t\t<\/div>\n\t\t\t\t\t<\/div>\n\t\t<\/section>\n\t\t\t\t\t\t<\/div>\n\t\t\t\t\t<\/div>\n\t\t<\/div>\n\t\t\t\t\t\t\t\t<\/div>\n\t\t\t\t\t<\/div>\n\t\t<\/section>\n\t\t\t\t\t\t\t\t\t<\/div>\n\t\t\t<\/div>\n\t\t\t\t\t<\/div>\n\t\t","protected":false},"excerpt":{"rendered":"<p>Datenschutzerkl\u00e4rung Datenschutzerkl\u00e4rung: Teil I: Name und Anschrift des Verantwortlichen I. Name und Anschrift des Verantwortlichen Der Verantwortliche im Sinne der Datenschutz-Grundverordnung und anderer nationaler Datenschutzgesetze der Mitgliedsstaaten sowie sonstiger datenschutzrechtlicher Bestimmungen ist: Volkshochschule KaiserslauternHauptamtliche Leitung: Michael Staudt M.A. M.A.Weiterbildungszentrum, Kanalstr. 367655 KaiserslauternTel.: (0631) 36258-00Fax: (0631) 36258-50E-Mail: info@vhs-kaiserslautern.deWebsites: www.jugendkulturmeile-kl.de; www.jugendkulturmeile-kaiserslautern.de Die Kontaktdaten unseres Datenschutzbeauftragten lauten:datenschutzbeauftragte@vhs-kaiserslautern.de oder&hellip;&nbsp;<a href=\"https:\/\/jugendkulturmeile-kaiserslautern.de\/?page_id=1114\" class=\"\" rel=\"bookmark\">Weiterlesen &raquo;<span class=\"screen-reader-text\">Datenschutz<\/span><\/a><\/p>\n","protected":false},"author":1,"featured_media":0,"parent":0,"menu_order":0,"comment_status":"closed","ping_status":"open","template":"page-templates\/template-pagebuilder-full-width.php","meta":{"neve_meta_sidebar":"","neve_meta_container":"","neve_meta_enable_content_width":"off","neve_meta_content_width":0,"neve_meta_title_alignment":"","neve_meta_author_avatar":"","neve_post_elements_order":"","neve_meta_disable_header":"","neve_meta_disable_footer":"","neve_meta_disable_title":""},"_links":{"self":[{"href":"https:\/\/jugendkulturmeile-kaiserslautern.de\/index.php?rest_route=\/wp\/v2\/pages\/1114"}],"collection":[{"href":"https:\/\/jugendkulturmeile-kaiserslautern.de\/index.php?rest_route=\/wp\/v2\/pages"}],"about":[{"href":"https:\/\/jugendkulturmeile-kaiserslautern.de\/index.php?rest_route=\/wp\/v2\/types\/page"}],"author":[{"embeddable":true,"href":"https:\/\/jugendkulturmeile-kaiserslautern.de\/index.php?rest_route=\/wp\/v2\/users\/1"}],"replies":[{"embeddable":true,"href":"https:\/\/jugendkulturmeile-kaiserslautern.de\/index.php?rest_route=%2Fwp%2Fv2%2Fcomments&post=1114"}],"version-history":[{"count":31,"href":"https:\/\/jugendkulturmeile-kaiserslautern.de\/index.php?rest_route=\/wp\/v2\/pages\/1114\/revisions"}],"predecessor-version":[{"id":1878,"href":"https:\/\/jugendkulturmeile-kaiserslautern.de\/index.php?rest_route=\/wp\/v2\/pages\/1114\/revisions\/1878"}],"wp:attachment":[{"href":"https:\/\/jugendkulturmeile-kaiserslautern.de\/index.php?rest_route=%2Fwp%2Fv2%2Fmedia&parent=1114"}],"curies":[{"name":"wp","href":"https:\/\/api.w.org\/{rel}","templated":true}]}}